t g be (3/(-2))/(24/32) - 1. Let u be ((-4)/12)/(g/981). Let w = -30 + u. What is the tens digit of w?
7
Let f = -14 + 108. Let h be (-36)/48 - f/(-8). Let a(j) = -j**3 + 13*j**2 - 16*j - 7. What is the units digit of a(h)?
9
What is the hundreds digit of 22 + (-1176)/54 + (1 - 291864/(-27))?
8
Suppose 0 = -808*n + 784*n + 389424. What is the hundreds digit of n?
2
What is the hundreds digit of (-27)/18 - ((-36058)/4 - 2)?
0
Let n = 1642 - -1692. What is the hundreds digit of n?
3
Let a be 2 - 1*(-1 - (-2 - -2)). Suppose 0 = -a*r + 5*w, 3*r + w - 2*w = 12. Suppose -5*t + 3*h + 15 - r = 0, 2*t = 3*h + 4. What is the units digit of t?
2
Suppose h - 7 + 1 = -2*g, 3*h = -5*g + 14. Let t(u) = -82*u + 1. Let i be t(h). Suppose -i = -2*s + 81. What is the hundreds digit of s?
1
Let g(h) = h**3 - 10*h**2 - 10*h - 7. Let c be g(11). Suppose c*d + 4 = 60. Let m = 30 - d. What is the tens digit of m?
1
Let c be 4421/2 + 2 + 8/(-16). Suppose 62*z - 55*z - c = 0. What is the units digit of z?
6
Let d(t) = -751*t**3 - 2*t**2 + 1. Let x = 137 + -138. Let q be d(x). Suppose 8*l = 3*l + q. What is the units digit of l?
0
Suppose -2*h + 25 = -g - 4, 5*h = -5*g + 50. Suppose 655 = 2*z + v, -338 = -z - 10*v + h*v. What is the units digit of z?
9
Suppose -3*g = r - 5967 - 1563, 4*r - g = 30081. What is the thousands digit of r?
7
Let v(f) = -f**3 - 15*f**2 - 13*f - 21. Let n be v(-14). Let b = 38 + n. Suppose -5*z = -10, h + b*z = 5*h - 194. What is the units digit of h?
0
What is the ten thousands digit of 0 - (9 - 1 - (48 - 39) - 37432)?
3
Let d = -62 + 66. Let i be (-6 + 40)*(-6)/d. Let c = i - -71. What is the tens digit of c?
2
Let s = 91 - 86. Suppose 3*b - 11 = -7*f + s*f, -b + f = -2. Suppose -3*i = 5*k - 226, 2*i + k + 62 = b*i. What is the tens digit of i?
6
Let s = 28 - 23. Suppose 12 - 27 = -s*b. Suppose -c = -k + 200, b*k - 3*c + 4*c = 608. What is the units digit of k?
2
Suppose 6304 + 3803 = 8*j + 51. What is the units digit of j?
7
Suppose 4*p + 0*a + 272 = 3*a, -3*a - 12 = 0. Let t = p + 77. Suppose -2*v + t*v - 5*w - 97 = 0, -5*w - 51 = -2*v. What is the units digit of v?
3
Let w(s) = 1090*s - 230. What is the units digit of w(16)?
0
Let o(f) be the third derivative of 71*f**5/60 - f**4/4 - f**3 + f**2 + 78*f. What is the thousands digit of o(-4)?
1
Suppose 2*w = -2*c + 32, 0 = -3*c - 5*w + 5 + 53. Let r(k) = 34*k. What is the tens digit of r(c)?
7
Suppose 5*w - 9 = -n + w, -4 = 2*n - 3*w. Let m be (n + -7)*(-4)/12. Suppose s + 55 = 4*s - 5*l, 98 = 5*s - m*l. What is the units digit of s?
0
Let y(t) = 3*t**2 - 105*t - 345. What is the units digit of y(52)?
7
Let z = 654 + -653. What is the tens digit of 6 - (-99*7 + z)?
9
Let g be (-2922)/(-5) - 15/(-25). Suppose -5*j + g = 2*q, 291 = -5*q + 6*q + j. What is the units digit of q?
0
Let l = 27568 + -15185. What is the thousands digit of l?
2
Suppose 2*j - p = 10557, 8*p - 9*p - 3 = 0. Suppose -13*b + 963 + j = 0. What is the hundreds digit of b?
4
Suppose -6*x = -x - 6120. Suppose -y = 17*y - x. What is the tens digit of y?
6
Let x be 4/10 + (-2379)/(-65). Suppose 3*c + x - 1321 = 0. Suppose 6*d + c = 4*k + d, 0 = -4*d + 16. What is the hundreds digit of k?
1
Let p be 715/((-42)/(-24) + 6/(-8)). Suppose p = -5*g + 3410. What is the hundreds digit of g?
5
Let o(j) = -j**3 + 15*j**2 - j + 38. Let m be o(15). Suppose m*n - 4*n = 4579. What is the units digit of n?
1
Let v be 6/4*11/((-165)/(-610)). Suppose 214 = -3*j + v. Let s = 69 + j. What is the tens digit of s?
1
Suppose 7*x - 38312 = -4264. What is the hundreds digit of x?
8
Let a = 46017 - 28987. What is the thousands digit of a?
7
Let p = -8565 + 12324. Suppose 14*i - 19*i + 3795 = 5*v, 5*i - p = 4*v. What is the tens digit of i?
5
Let r(j) = -5*j + 10. Let w be r(-8). Suppose p - 4*v - 16 = 0, -2*p - 2*v + v + w = 0. What is the units digit of p/32 - 258/(-8)?
3
Let t = 6594 + 11359. What is the thousands digit of t?
7
Let r = 16 + -16. Suppose 2*x + 60 + 4 = r. What is the units digit of (x/8)/((-32)/14 + 2)?
4
Let a = 6137 - 2007. What is the thousands digit of a?
4
Suppose -k - 2*i - 134 = -6*i, -i = k + 119. Suppose 3*d - 5*j + 1210 = 0, -2*d - 441 = -j + 354. Let a = k - d. What is the hundreds digit of a?
2
Suppose 36193 + 15587 = 4*r. What is the tens digit of ((-10)/(-15))/(10/r)?
6
Let b(n) = -n**3 + 19*n**2 + 18*n + 42. Let z be b(20). Let t(f) = -z - 2 - 12*f - 6. What is the hundreds digit of t(-13)?
1
Let m = -122 + 445. Let n = -36 + m. What is the hundreds digit of n?
2
Suppose -4*c + 10 = 5*h - 6*c, 0 = -4*c + 20. Suppose -4*p + 3*p = -5*b + 2326, 1880 = h*b + 4*p. What is the units digit of b?
6
Let q(v) = v**3 + 5*v**2 - 62*v - 20. Let s be q(6). Suppose -4*r - 829 = -s*n - 5245, 4*r + 3*n - 4451 = 0. What is the thousands digit of r?
1
Let j(u) = -52*u + 25. Suppose -14*r + 21*r + 56 = 0. What is the tens digit of j(r)?
4
Let d = -23 - -25. Let n be (4/14 - (-2)/(-7))/d. Suppose 3*k + 46 - 502 = n. What is the units digit of k?
2
Let d = -55 - -55. Let w(c) = c**3 - c**2 - c + 531. What is the units digit of w(d)?
1
What is the units digit of 12/22 - (-70 + 79 + 376606/(-22))?
0
Let z(c) = 70*c**2 - 22*c + 2. Let d be z(5). Suppose -w - t + 1352 = 0, 2*t = -5*w - d + 8402. What is the thousands digit of w?
1
Suppose -8*j + 2814 = -3178. Let m = -521 + j. Let h = 343 - m. What is the tens digit of h?
1
Let z be (0/2 + (-8)/(-2))/2. Suppose 6*y + z*j - 412 = 2*y, -108 = -y - 3*j. What is the tens digit of y?
0
Let z be (-3)/(-9) - (-85)/(-3). Let y(g) = g**3 - 2*g**2 + 12*g - 38. Let u be y(4). Let c = u + z. What is the tens digit of c?
1
Let c = -1524 - -4188. What is the tens digit of c?
6
Suppose -29*k + 360082 = -11988. What is the hundreds digit of k?
8
Suppose 22310 = i + a, -5*i - 244*a = -241*a - 111542. What is the thousands digit of i?
2
Let i(x) = 2*x**3 - 4*x**2 + 5*x + 36196. What is the units digit of i(0)?
6
Let z(s) = s**2 - 31*s + 535. What is the hundreds digit of z(14)?
2
Suppose 4*r = -2*q + 17704 + 19000, q = 0. What is the thousands digit of r?
9
Suppose 0 = -10*c + 45 + 175. What is the tens digit of c?
2
Let l(b) = 3*b**2 + b + 108. Let w be l(0). What is the tens digit of ((-867)/2 + -1)/((-54)/w)?
6
Let i(b) = -b**2 - 7*b - 8. Let m be i(-3). Suppose -m*a + 861 + 195 = 0. Suppose -r + a = 4*u - 2*r, -u - r = -66. What is the units digit of u?
6
Let d be (-1225)/5*(-484)/10. Suppose -7*i - 15*i = -d. What is the tens digit of i?
3
Suppose -4 = 2*i - 14. Suppose 0 = -g + 2*r + 2*r - 6, i*r + 10 = 0. Let j(l) = -2*l**3 - 28*l**2 - l + 20. What is the tens digit of j(g)?
3
Let j = -986 + 2011. Let d = -168 + j. What is the tens digit of d?
5
Suppose -12*j + 318 = -15*j. Let f = 110 + j. Suppose -2*n + 1314 = f*n. What is the units digit of n?
9
Let c(k) = 7*k**2 + 10*k - 4. Let j be c(-5). Suppose 0 = i - j - 351. What is the tens digit of i?
7
Suppose 179962 = 17*m - 90797. What is the ten thousands digit of m?
1
Suppose 0 = 5*w - 6*w - 107. Let i = 107 + w. Suppose -4*l - 6*l + 760 = i. What is the tens digit of l?
7
Let x(o) = 107*o**2 + 38*o + 1. Suppose -5*a + 3*n - 22 - 10 = 0, -4*a = -3*n + 28. What is the tens digit of x(a)?
6
Let k = 81 + -83. Let r be k - (1/1 + -630). Suppose r = 4*g + 151. What is the units digit of g?
9
Suppose -2811 = 12*q + 2121. Let s = 1151 + q. What is the hundreds digit of s?
7
Let g be -2*4/(-8)*1. Suppose g + 161 = 3*b. What is the units digit of (-2502)/b*(-4 - -1)?
9
Suppose w + 3*v - 54806 = 0, -120*v - 4 = -121*v. What is the tens digit of w?
9
Let d(x) = -36*x**3 - 37*x**2 - 3*x + 7. What is the thousands digit of d(-13)?
2
Let h(s) = 87*s - 18. Let z(x) = -2*x + 22. Let t be z(8). What is the tens digit of h(t)?
0
Let q(o) = 2*o**2 - 7*o. Let d be q(6). Let i = 25 - d. What is the tens digit of i*(-7 + (4 - 0))?
1
Let p be (5 + 13/(-2))/(2/(-4)). Suppose -p*r + 0*r + 24 = 3*d, 0 = -3*r + 3*d. Suppose 3*m - 214 - r = -4*z, -3*m - 3*z = -213. What is the tens digit of m?
6
Suppose -264*p + 55*p + 315813 = -649558. What is the tens digit of p?
1
Suppose -8*m + 26788 = -80137 + 24085. What is the units digit of m?
5
Suppose 0 = 3*c + 6 + 6, 3*h + 2*c = -74570. What is the hundreds digit of (h/(-238) - 4/(-7)) + -3?
1
Suppose -2*w + 2*g = -2*g - 1190, -g - 23